 is divided by 159?
128
What is the remainder when 846073 is divided by 4?
1
Calculate the remainder when 795182 is divided by 795126.
56
What is the remainder when 4940934 is divided by 3?
0
Calculate the remainder when 5179721 is divided by 744.
737
Calculate the remainder when 57189977 is divided by 4107.
2
Calculate the remainder when 85969 is divided by 8346.
2509
What is the remainder when 51332847 is divided by 108756?
15
Calculate the remainder when 300195 is divided by 1676.
191
What is the remainder when 383833 is divided by 777?
772
Calculate the remainder when 354148 is divided by 177072.
4
What is the remainder when 159618 is divided by 79?
38
What is the remainder when 128547 is divided by 27?
0
What is the remainder when 62734 is divided by 4182?
4
Calculate the remainder when 3117035 is divided by 3116989.
46
What is the remainder when 3496911 is divided by 35?
26
What is the remainder when 97675946 is divided by 317?
4
What is the remainder when 346242 is divided by 346238?
4
Calculate the remainder when 1588991 is divided by 1227.
26
What is the remainder when 64097758 is divided by 60?
58
Calculate the remainder when 2826024 is divided by 11170.
14
Calculate the remainder when 13314691 is divided by 145.
66
What is the remainder when 110921 is divided by 280?
41
What is the remainder when 626875 is divided by 15965?
4240
Calculate the remainder when 266013 is divided by 14778.
9
What is the remainder when 15280353 is divided by 28?
25
Calculate the remainder when 4602229 is divided by 200096.
21
Calculate the remainder when 19105779 is divided by 1202.
1191
What is the remainder when 342594565 is divided by 986?
977
Calculate the remainder when 1457119 is divided by 485511.
586
What is the remainder when 6200017 is divided by 3842?
2871
Calculate the remainder when 132226 is divided by 10546.
5674
Calculate the remainder when 46473 is divided by 9281.
68
Calculate the remainder when 494407 is divided by 357.
319
Calculate the remainder when 6821939 is divided by 3410966.
7
What is the remainder when 3597950 is divided by 18546?
26
What is the remainder when 136327432 is divided by 1585?
1582
Calculate the remainder when 988490 is divided by 57.
53
What is the remainder when 2690489 is divided by 1384?
1377
What is the remainder when 2167298 is divided by 7881?
23
What is the remainder when 905086 is divided by 1434?
232
What is the remainder when 506363 is divided by 173?
165
What is the remainder when 2090431 is divided by 160800?
31
Calculate the remainder when 68554 is divided by 67788.
766
Calculate the remainder when 2050534 is divided by 4.
2
What is the remainder when 9219338 is divided by 2102?
2068
What is the remainder when 130863 is divided by 227?
111
Calculate the remainder when 579764 is divided by 20705.
24
Calculate the remainder when 35444145 is divided by 1395.
1380
What is the remainder when 1508150 is divided by 23200?
150
What is the remainder when 2743552 is divided by 16044?
28
Calculate the remainder when 14717086 is divided by 31.
22
Calculate the remainder when 1278026684 is divided by 5736.
5732
What is the remainder when 104058 is divided by 25988?
106
Calculate the remainder when 677123 is divided by 36.
35
What is the remainder when 1488566054 is divided by 106?
104
What is the remainder when 84413 is divided by 26395?
5228
Calculate the remainder when 2533996 is divided by 1298.
300
Calculate the remainder when 25087 is divided by 667.
408
What is the remainder when 31309 is divided by 4319?
1076
Calculate the remainder when 565966 is divided by 1278.
1090
What is the remainder when 150889 is divided by 643?
427
What is the remainder when 137930 is divided by 3734?
3506
Calculate the remainder when 417754 is divided by 233.
218
Calculate the remainder when 193821 is divided by 10766.
33
Calculate the remainder when 392016 is divided by 7686.
30
What is the remainder when 7441 is divided by 382?
183
Calculate the remainder when 4948466 is divided by 3176.
258
Calculate the remainder when 1115602 is divided by 1631.
1629
Calculate the remainder when 10800625 is divided by 82.
77
What is the remainder when 32584436 is divided by 16292212?
12
Calculate the remainder when 1423410 is divided by 5012.
2
Calculate the remainder when 11879765 is divided by 7135.
7125
Calculate the remainder when 117528 is divided by 171.
51
What is the remainder when 6916754 is divided by 27?
2
What is the remainder when 7443449 is divided by 21?
20
Calculate the remainder when 17353 is divided by 54.
19
Calculate the remainder when 69377064 is divided by 81.
78
Calculate the remainder when 11038317 is divided by 3.
0
Calculate the remainder when 433891 is divided by 108.
55
Calculate the remainder when 222172440 is divided by 206.
204
What is the remainder when 38424460 is divided by 9606111?
16
What is the remainder when 2982499 is divided by 64?
35
What is the remainder when 1904137 is divided by 335?
332
Calculate the remainder when 45555241 is divided by 2069.
2068
What is the remainder when 1738148 is divided by 104?
100
Calculate the remainder when 1008334 is divided by 18672.
46
Calculate the remainder when 58775054 is divided by 11.
8
Calculate the remainder when 25126 is divided by 21685.
3441
What is the remainder when 70619234 is divided by 35309613?
8
Calculate the remainder when 333301 is divided by 35.
31
Calculate the remainder when 76525 is divided by 38127.
271
What is the remainder when 30597203 is divided by 3399686?
29
What is the remainder when 61863 is divided by 11564?
4043
Calculate the remainder when 22573 is divided by 22544.
29
What is the remainder when 321022 is divided by 7133?
37
Calculate the remainder when 586914 is divided by 25495.
529
Calculate the remainder when 153668 is divided by 82.
0
What is the remainder when 3225245 is divided by 3162?
5
What is the remainder when 48430 is divided by 24197?
36
What is the remainder when 138627783 is divided by 2564?
2559
What is the remainder when 12918646 is divided by 2085?
2071
Calculate the remainder when 41392 is divided by 6879.
118
Calculate the remainder when 175443 is divided by 121.
114
Calculate the remainder when 17371475 is divided by 1085713.
67
What is the remainder when 17789455 is divided by 134?
17
Calculate the remainder when 1122766 is divided by 18406.
0
What is the remainder when 8759061 is divided by 1094881?
13
Calculate the remainder when 71090 is divided by 10929.
5516
Calculate the remainder when 1898355 is divided by 6.
3
What is the remainder when 247327 is divided by 247299?
28
Calculate the remainder when 18487 is divided by 524.
147
What is the remainder when 3624077 is divided by 7134?
5
What is the remainder when 5862497 is divided by 350?
347
What is the remainder when 318030 is divided by 79492?
62
What is the remainder when 210128 is divided by 1051?
979
Calculate the remainder when 814547 is divided by 114.
17
Calculate the remainder when 1789470 is divided by 590.
0
What is the remainder when 686294 is divided by 8074?
4
Calculate the remainder when 1788644 is divided by 1321.
10
Calculate the remainder when 8061 is divided by 7616.
445
Calculate the remainder when 59038978 is divided by 22.
20
What is the remainder when 715212 is divided by 715084?
128
Calculate the remainder when 644553 is divided by 214367.
1452
What is the remainder when 594024 is divided by 84860?
4
What is the remainder when 376003 is divided by 125330?
13
What is the remainder when 99069 is divided by 24690?
309
What is the remainder when 15733 is divided by 2102?
1019
What is the remainder when 3224004 is divided by 119?
56
Calculate the remainder when 784508 is divided by 9917.
1065
What is the remainder when 455554 is divided by 74681?
7468
What is the remainder when 504874 is divided by 969?
25
Calculate the remainder when 232121 is divided by 4579.
3171
Calculate the remainder when 56399040 is divided by 56399039.
1
Calculate the remainder when 1359195836 is divided by 5783.
5780
Calculate the remainder when 5510787 is divided by 1808.
3
What is the remainder when 15760890 is divided by 309036?
54
Calculate the remainder when 61206 is divided by 30183.
840
What is the remainder when 230851 is divided by 1577?
609
Calcula